e prime factors of 2058973489?
2058973489
What are the prime factors of 1190219360?
2, 5, 11, 43, 15727
What are the prime factors of 420948294?
2, 3, 13, 557, 9689
List the prime factors of 43447651.
13, 53, 63059
List the prime factors of 89203328.
2, 19, 43, 853
List the prime factors of 25732925.
5, 113, 9109
List the prime factors of 55832940.
2, 3, 5, 313, 991
List the prime factors of 45190297.
479, 94343
What are the prime factors of 25151729?
29, 867301
What are the prime factors of 4895843284?
2, 2833, 432037
List the prime factors of 25308293.
25308293
What are the prime factors of 284211986?
2, 142105993
What are the prime factors of 627366276?
2, 3, 5808947
What are the prime factors of 187059404?
2, 7, 151, 293
List the prime factors of 1860015324.
2, 3, 155001277
What are the prime factors of 4069004?
2, 41, 43, 577
What are the prime factors of 12085141?
29, 331, 1259
List the prime factors of 83102540.
2, 5, 139, 167, 179
List the prime factors of 845852971.
73, 109, 106303
List the prime factors of 7398104.
2, 7, 132109
What are the prime factors of 26107884?
2, 3, 11, 65929
List the prime factors of 1850988165.
3, 5, 13, 53, 179099
List the prime factors of 50542806.
2, 3, 8423801
What are the prime factors of 31927986?
2, 3, 591259
List the prime factors of 21261821.
7, 23, 41, 3221
List the prime factors of 34362797.
7, 17, 41, 7043
List the prime factors of 1655960350.
2, 5, 11, 283, 10639
List the prime factors of 2350239.
3, 783413
List the prime factors of 757859.
197, 3847
What are the prime factors of 154384262?
2, 3119, 24749
List the prime factors of 1092410.
2, 5, 11, 9931
What are the prime factors of 302978088?
2, 3, 7, 601147
List the prime factors of 2451745384.
2, 11, 139, 200437
What are the prime factors of 1885277500?
2, 5, 754111
List the prime factors of 497457134.
2, 89, 2794703
List the prime factors of 5425534590.
2, 3, 5, 7, 37, 61, 11447
List the prime factors of 153159213.
3, 2089, 24439
List the prime factors of 3011293253.
3011293253
List the prime factors of 347603029.
17, 113, 180949
What are the prime factors of 2255638230?
2, 3, 5, 353, 70999
List the prime factors of 83644157.
1999, 41843
What are the prime factors of 47301240?
2, 3, 5, 7, 56311
What are the prime factors of 5055016898?
2, 2527508449
What are the prime factors of 3145369294?
2, 1572684647
What are the prime factors of 2710520411?
19, 142658969
List the prime factors of 53119100.
2, 5, 283, 1877
List the prime factors of 657359552.
2, 2459, 4177
What are the prime factors of 106647669?
3, 11849741
List the prime factors of 1094576023.
89, 1213, 10139
What are the prime factors of 77864782?
2, 38932391
What are the prime factors of 9332349845?
5, 7, 13, 47, 33569
What are the prime factors of 2140138736?
2, 229, 584099
What are the prime factors of 4414556109?
3, 83, 1321, 13421
List the prime factors of 18683926.
2, 9341963
What are the prime factors of 166455505?
5, 29, 1147969
What are the prime factors of 24930736?
2, 19, 82009
List the prime factors of 132287209.
132287209
List the prime factors of 2842752563.
7, 17, 1621, 14737
List the prime factors of 3170216191.
3170216191
What are the prime factors of 4474431993?
3, 5507, 270833
What are the prime factors of 112583600?
2, 5, 37, 7607
What are the prime factors of 163750618?
2, 31, 139, 19001
List the prime factors of 2496318.
2, 3, 11, 109, 347
What are the prime factors of 86050074?
2, 3, 11, 1303789
What are the prime factors of 43937799?
3, 97, 150989
What are the prime factors of 99349061?
7, 14192723
What are the prime factors of 115906888?
2, 47, 308263
List the prime factors of 2273122402.
2, 223, 5096687
List the prime factors of 298243576.
2, 23, 47, 34487
List the prime factors of 1643728553.
587, 2800219
List the prime factors of 1987345266.
2, 3, 10453, 31687
What are the prime factors of 555054749?
555054749
What are the prime factors of 23380648?
2, 43, 67967
List the prime factors of 4245724866.
2, 3, 191, 3704821
What are the prime factors of 377556099?
3, 31, 827, 4909
What are the prime factors of 386054210?
2, 5, 38605421
What are the prime factors of 55784398?
2, 3461, 8059
List the prime factors of 2485546.
2, 7, 177539
List the prime factors of 404315124.
2, 3, 33692927
What are the prime factors of 25381315?
5, 347, 14629
What are the prime factors of 829620955?
5, 12203, 13597
List the prime factors of 3998075301.
3, 11, 31, 434243
List the prime factors of 4015633571.
9127, 439973
What are the prime factors of 2313500559?
3, 771166853
List the prime factors of 64005576.
2, 3, 31, 86029
What are the prime factors of 141425661?
3, 13, 3626299
List the prime factors of 122069857.
7, 13, 47, 28541
List the prime factors of 462769390.
2, 5, 46276939
What are the prime factors of 117172096?
2, 41, 83, 269
List the prime factors of 967295159.
12689, 76231
List the prime factors of 11731562.
2, 1597, 3673
List the prime factors of 3997457.
3997457
List the prime factors of 494832438.
2, 3, 27490691
What are the prime factors of 45714703?
19, 67, 35911
What are the prime factors of 7880873898?
2, 3, 4519, 290657
What are the prime factors of 1163512390?
2, 5, 116351239
What are the prime factors of 921361129?
13, 19, 43, 6673
List the prime factors of 3082996.
2, 7, 103, 1069
List the prime factors of 5126026072.
2, 223, 2873333
What are the prime factors of 5202680495?
5, 1040536099
What are the prime factors of 186993568?
2, 151, 38699
What are the prime factors of 455470623?
3, 67, 167, 4523
List the prime factors of 1259807205.
3, 5, 41, 2048467
List the prime factors of 411080487.
3, 137026829
List the prime factors of 977742333.
3, 4023631
What are the prime factors of 4722435638?
2, 47, 59, 67, 71, 179
What are the prime factors of 793973046?
2, 3, 5557, 23813
What are the prime factors of 183490888?
2, 7, 29, 16141
List the prime factors of 64800570.
2, 3, 5, 43, 191, 263
What are the prime factors of 560780654?
2, 7, 563, 71147
List the prime factors of 110943355.
5, 22188671
List the prime factors of 12118008.
2, 3, 7, 17, 4243
What are the prime factors of 2964346729?
17, 47, 1741, 2131
What are the prime factors of 14423194?
2, 73, 223, 443
List the prime factors of 79322461.
109, 727729
List the prime factors of 1501254127.
601, 2497927
What are the prime factors of 769147730?
2, 5, 13, 2693
What are the prime factors of 124915821?
3, 1531, 27197
What are the prime factors of 37471634?
2, 18735817
List the prime factors of 43572575.
5, 1742903
List the prime factors of 299319939.
3, 19, 1750409
What are the prime factors of 1017695768?
2, 41, 3102731
What are the prime factors of 922141640?
2, 5, 7, 3293363
What are the prime factors of 437945935?
5, 7, 2003, 6247
List the prime factors of 5616572.
2, 13, 108011
What are the prime factors of 55799576?
2, 7, 17, 58613
What are the prime factors of 2534835932?
2, 17, 37276999
List the prime factors of 233924117.
7, 33417731
What are the prime factors of 684460068?
2, 3, 41, 43, 32353
What are the prime factors of 163869700?
2, 5, 79, 20743
List the prime factors of 786527489.
11, 71502499
What are the prime factors of 8861629?
7, 31, 97, 421
List the prime factors of 572234165.
5, 47, 2435039
List the prime factors of 24302900.
2, 5, 19, 12791
List the prime factors of 43394741.
13, 3338057
What are the prime factors of 453557116?
2, 113389279
What are the prime factors of 411687621?
3, 45743069
What are the prime factors of 1278457?
79, 16183
What are the prime factors of 35693394?
2, 3, 11, 540809
List the prime factors of 8563118.
2, 47, 91097
What are the prime factors of 9127239774?
2, 3, 29, 52455401
List the prime factors of 806578648.
2, 100822331
List the prime factors of 2978143403.
61, 48822023
List the prime factors of 65473660.
2, 5, 7, 467669
List the prime factors of 5556591409.
5556591409
List the prime factors of 80372639.
71, 1132009
List the prime factors of 1030335579.
3, 7, 13, 157, 2671
List the prime factors of 9660551.
353, 27367
List the prime factors of 8378409044.
2, 919, 967, 2357
List the prime factors of 174255541.
174255541
What are the prime factors of 480102821?
11, 5939, 7349
What are the prime factors of 93979401?
3, 29, 1080223
List the prime factors